 8349.
3, 11, 23
List the prime factors of 18372.
2, 3, 1531
List the prime factors of 10106.
2, 31, 163
What are the prime factors of 13246?
2, 37, 179
What are the prime factors of 836?
2, 11, 19
What are the prime factors of 2262?
2, 3, 13, 29
What are the prime factors of 24587?
23, 1069
List the prime factors of 25916.
2, 11, 19, 31
What are the prime factors of 1749?
3, 11, 53
What are the prime factors of 47250?
2, 3, 5, 7
List the prime factors of 61104.
2, 3, 19, 67
What are the prime factors of 7717?
7717
What are the prime factors of 646?
2, 17, 19
What are the prime factors of 284?
2, 71
What are the prime factors of 1031?
1031
List the prime factors of 508.
2, 127
List the prime factors of 11636.
2, 2909
List the prime factors of 119282.
2, 19, 43, 73
What are the prime factors of 119714?
2, 7, 17, 503
What are the prime factors of 22611?
3, 7537
List the prime factors of 59228.
2, 13, 17, 67
What are the prime factors of 1535?
5, 307
List the prime factors of 969.
3, 17, 19
List the prime factors of 2807.
7, 401
List the prime factors of 1461.
3, 487
List the prime factors of 545.
5, 109
What are the prime factors of 3030?
2, 3, 5, 101
What are the prime factors of 38618?
2, 19309
List the prime factors of 1598.
2, 17, 47
List the prime factors of 1678.
2, 839
What are the prime factors of 25645?
5, 23, 223
List the prime factors of 6110.
2, 5, 13, 47
What are the prime factors of 15805?
5, 29, 109
What are the prime factors of 11909?
11909
What are the prime factors of 23482?
2, 59, 199
What are the prime factors of 20987?
31, 677
What are the prime factors of 1467?
3, 163
List the prime factors of 76691.
53, 1447
List the prime factors of 109.
109
List the prime factors of 10522.
2, 5261
List the prime factors of 90819.
3, 10091
What are the prime factors of 3838?
2, 19, 101
What are the prime factors of 25128?
2, 3, 349
What are the prime factors of 9168?
2, 3, 191
List the prime factors of 42501.
3, 31, 457
List the prime factors of 4079.
4079
What are the prime factors of 1219?
23, 53
What are the prime factors of 2224?
2, 139
List the prime factors of 3192.
2, 3, 7, 19
What are the prime factors of 34753?
23, 1511
What are the prime factors of 7090?
2, 5, 709
What are the prime factors of 1495?
5, 13, 23
What are the prime factors of 270?
2, 3, 5
List the prime factors of 941.
941
List the prime factors of 129529.
129529
List the prime factors of 11200.
2, 5, 7
What are the prime factors of 839?
839
What are the prime factors of 64991?
17, 3823
List the prime factors of 11188.
2, 2797
What are the prime factors of 96435?
3, 5, 2143
What are the prime factors of 5746?
2, 13, 17
What are the prime factors of 71977?
167, 431
List the prime factors of 8688.
2, 3, 181
What are the prime factors of 618?
2, 3, 103
List the prime factors of 64505.
5, 7, 19, 97
List the prime factors of 1316.
2, 7, 47
What are the prime factors of 16975?
5, 7, 97
What are the prime factors of 59513?
59513
List the prime factors of 472.
2, 59
List the prime factors of 65917.
29, 2273
List the prime factors of 54620.
2, 5, 2731
List the prime factors of 4204.
2, 1051
What are the prime factors of 59120?
2, 5, 739
What are the prime factors of 7973?
7, 17, 67
List the prime factors of 523.
523
What are the prime factors of 54902?
2, 97, 283
List the prime factors of 57719.
57719
List the prime factors of 1515.
3, 5, 101
List the prime factors of 11425.
5, 457
What are the prime factors of 42464?
2, 1327
List the prime factors of 2370.
2, 3, 5, 79
What are the prime factors of 2136?
2, 3, 89
What are the prime factors of 27345?
3, 5, 1823
List the prime factors of 23435.
5, 43, 109
List the prime factors of 1135.
5, 227
List the prime factors of 3097.
19, 163
What are the prime factors of 2734?
2, 1367
List the prime factors of 2537.
43, 59
List the prime factors of 2827.
11, 257
What are the prime factors of 4043?
13, 311
List the prime factors of 643.
643
What are the prime factors of 5467?
7, 11, 71
List the prime factors of 307.
307
What are the prime factors of 1171?
1171
List the prime factors of 84229.
84229
List the prime factors of 1030.
2, 5, 103
List the prime factors of 32406.
2, 3, 11, 491
What are the prime factors of 187?
11, 17
List the prime factors of 595.
5, 7, 17
List the prime factors of 696.
2, 3, 29
What are the prime factors of 1035?
3, 5, 23
What are the prime factors of 353?
353
What are the prime factors of 2377?
2377
What are the prime factors of 2784?
2, 3, 29
List the prime factors of 464.
2, 29
List the prime factors of 38267.
17, 2251
List the prime factors of 2794.
2, 11, 127
What are the prime factors of 54?
2, 3
What are the prime factors of 833?
7, 17
What are the prime factors of 5570?
2, 5, 557
List the prime factors of 6473.
6473
What are the prime factors of 1128?
2, 3, 47
What are the prime factors of 16028?
2, 4007
List the prime factors of 32071.
13, 2467
List the prime factors of 5613.
3, 1871
List the prime factors of 1298.
2, 11, 59
List the prime factors of 12341.
7, 41, 43
What are the prime factors of 22907?
22907
List the prime factors of 23690.
2, 5, 23, 103
List the prime factors of 1433.
1433
List the prime factors of 2623.
43, 61
What are the prime factors of 4357?
4357
List the prime factors of 1678.
2, 839
What are the prime factors of 6325?
5, 11, 23
What are the prime factors of 14357?
7, 293
List the prime factors of 5845.
5, 7, 167
What are the prime factors of 29517?
3, 9839
What are the prime factors of 69273?
3, 43, 179
What are the prime factors of 4990?
2, 5, 499
List the prime factors of 2674.
2, 7, 191
What are the prime factors of 2508?
2, 3, 11, 19
List the prime factors of 15978.
2, 3, 2663
List the prime factors of 5325.
3, 5, 71
List the prime factors of 1170.
2, 3, 5, 13
List the prime factors of 474.
2, 3, 79
List the prime factors of 169596.
2, 3, 7, 673
List the prime factors of 11064.
2, 3, 461
List the prime factors of 2682.
2, 3, 149
List the prime factors of 795.
3, 5, 53
List the prime factors of 4947.
3, 17, 97
List the prime factors of 30479.
29, 1051
List the prime factors of 1562.
2, 11, 71
List the prime factors of 37191.
3, 7, 11, 23
List the prime factors of 21018.
2, 3, 31, 113
List the prime factors of 995.
5, 199
List the prime factors of 2696.
2, 337
What are the prime factors of 2623?
43, 61
What are the prime factors of 4208?
2, 263
What are the prime factors of 35419?
35419
What are the prime factors of 16551?
3, 613
List the prime factors of 4743.
3, 17, 31
List the prime factors of 1391.
13, 107
List the prime factors of 121307.
29, 47, 89
What are the prime factors of 168?
2, 3, 7
What are the prime factors of 8252?
2, 2063
List the prime factors of 12922.
2, 7, 13, 71
List the prime factors of 76782.
2, 3, 67, 191
List the prime factors of 3451.
7, 17, 29
What are the prime factors of 72364?
2, 79, 229
What are the prime factors of 875?
5, 7
What are the prime factors of 5622?
2, 3, 937
List the prime factors of 1187.
1187
What are the prime factors of 2813?
29, 97
What are the prime factors of 5759?
13, 443
What are the prime factors of 10633?
7, 31
List the prime factors of 3447.
3, 383
What are the prime factors of 1838?
2, 919
What are the prime factors of 4079?
4079
List the prime factors of 506.
2, 11, 23
What are the prime factors of 951?
3, 317
What are the prime factors of 72931?
72931
List the prime factors of 1648.
2, 103
List the prime factors of 57472.
2, 449
What are the prime factors of 14797?
14797
List the prime factors of 1182.
2, 3, 197
What are the prime factors of 1323?
3, 7
List the prime factors of 8917.
37, 241
What are the prime factors of 1386?
2, 3, 7, 11
List the prime factors of 1458.
2, 3
List the prime factors of 24511.
127, 193
List the prime factors of 45183.
3, 15061
What are the prime factors of 141636?
2, 3, 11, 29, 37
List the prime factors of 84670.
2, 5, 8467
What are the prime factors of 3921?
3, 1307
What are the prime factors of 1988?
2, 7, 71
What are the prime factors of 1109?
1109
What are the prime factors of 11471?
11471
List the prime factors of 1673.
7, 239
List the prime factors of 11065.
5, 2213
What are the prime factors of 29565?
3, 5, 73
What are the prime factors of 1544?
2, 193
List the prime fac